a) = -7*a - 160. Give z(-23).
1
Let s(r) = r**2 - 17. What is s(0)?
-17
Let v(a) = 4*a**3 - 72*a**2 - 4*a + 72. What is v(18)?
0
Let g(n) = -n**3 + 40*n**2 + 36. Give g(40).
36
Let q(u) = -u - 13. Give q(-11).
-2
Let a(l) = -l**2 - 3*l - 2. Calculate a(-3).
-2
Let l(q) = q**3 + 6*q**2 - 42*q - 24. What is l(-10)?
-4
Let u(h) = -h**3 - 15*h**2 - 11*h + 20. Calculate u(-14).
-22
Let l(z) = z**2 + 6*z - 6. What is l(-7)?
1
Let p(y) = 2*y**2 - 14*y + 5. Calculate p(4).
-19
Let u(c) = 2*c**2 - 63*c - 27. What is u(32)?
5
Let g(d) = 2*d**2 - 36*d - 7. What is g(16)?
-71
Let s(o) = -2*o**2 - 3*o + 61. What is s(-6)?
7
Let t(v) = -v**2 - 11*v + 26. Determine t(-12).
14
Let o(j) = 3*j + 1. Determine o(-3).
-8
Let a(m) = -m**3 + m**2 + 6*m + 4. What is a(3)?
4
Let b(h) = -h**3 - 9*h**2 + 2*h - 12. Give b(-9).
-30
Let d(t) = -t**2 + 27*t - 108. What is d(24)?
-36
Let o(x) = -8*x**2 - 9*x + 3. Determine o(1).
-14
Let d(t) = t**3 - 5*t**2 - 12*t - 7. Determine d(7).
7
Let l(q) = -q**2 - 2*q + 1. What is l(-4)?
-7
Let g(w) = -w**3 + w**2 + 5*w - 11. Determine g(2).
-5
Let b(v) = 3*v**2 - 34*v + 8. Determine b(11).
-3
Let w(q) = -6*q - 92. Determine w(-15).
-2
Let z(a) = a**2 - 23*a - 14. Give z(24).
10
Let t(y) = y**3 + 3*y**2 - 4. Calculate t(-5).
-54
Let p(g) = 2*g**3 + g**2 + 6*g - 3. Determine p(-3).
-66
Let y(s) = s + 10. Give y(-8).
2
Let f(h) = h**3 - 20*h**2 - 22*h + 4. What is f(21)?
-17
Let b(x) = -x**3 + 5*x**2 + 4*x + 7. Calculate b(5).
27
Let l(i) = i**3 + 10*i**2 - 26*i - 11. Calculate l(-12).
13
Let p(i) = -2*i**2 - 7*i - 6. Give p(-4).
-10
Let q(p) = 8*p**2 - p + 3. What is q(0)?
3
Let m(t) = 3*t**2 + 8*t - 3. What is m(-4)?
13
Let r(v) = 8*v + 15. What is r(-2)?
-1
Let s(q) = -5*q + 9. Give s(10).
-41
Let k(o) = -o**3 - 5*o**2 + 5*o - 7. Give k(-6).
-1
Let u(f) = -3*f**3 - 3*f**2 + 10*f + 9. Calculate u(-2).
1
Let j(w) = -4*w**2 + 25*w + 1. What is j(6)?
7
Let d(p) = p**3 - 5*p**2 - 4*p - 12. What is d(6)?
0
Let s(j) = -j**3 - 19*j**2 - 18*j - 10. Give s(-18).
-10
Let z(y) = 7*y**3 - 42*y**2 + 9. Give z(6).
9
Let k(p) = -2*p**3 + p**2 - p - 4. Determine k(0).
-4
Let b(n) = 4*n + 4. Determine b(-5).
-16
Let m(d) = d**3 + 4*d**2 - 9*d + 9. Give m(-6).
-9
Let j(q) = -22*q + 273. What is j(12)?
9
Let i(x) = -18*x + 117. Calculate i(7).
-9
Let a(r) = -2*r**3 - 9*r**2 + 5*r + 7. Calculate a(-5).
7
Let i(k) = -k**3 - 5*k**2 + 6*k + 26. Determine i(-5).
-4
Let s(w) = 2*w**2 - 4*w + 2. Give s(5).
32
Let z(n) = -n - 4. Calculate z(-5).
1
Let r(i) = -i + 12. What is r(17)?
-5
Let v(y) = 3*y + 5. Determine v(12).
41
Let d(x) = -x**2 - 8*x - 8. Give d(-4).
8
Let w(l) = 3*l**2 - 111*l + 122. Calculate w(36).
14
Let w(g) = -g**3 + 8*g**2 + 18*g - 137. What is w(8)?
7
Let j(p) = -p**2 + 17*p - 47. Determine j(10).
23
Let i(t) = 6*t + 26. Give i(-9).
-28
Let a(x) = 12*x - 56. Give a(3).
-20
Let a(o) = o**2 + 7*o + 9. Determine a(-7).
9
Let x(v) = -442*v. Determine x(0).
0
Let u(l) = l + 17. Determine u(0).
17
Let p(c) = c**3 + 5*c**2 + 4*c + 10. Determine p(-4).
10
Let d(h) = h**2 + 20*h - 25. Determine d(-21).
-4
Let z(r) = r + 9. What is z(-7)?
2
Let n(f) = -2*f**3 - f**2 - 2*f + 1. What is n(-3)?
52
Let q(z) = z**3 - 7*z**2 + z + 3. What is q(7)?
10
Let f(z) = -z**3 - 31*z**2 - 57*z + 33. What is f(-29)?
4
Let x(w) = -11*w - 16. What is x(-3)?
17
Let u(q) = -8*q**2 + 5*q + 14. Give u(-4).
-134
Let m(t) = -2*t**2 + 50*t - 42. Give m(23).
50
Let x(u) = 3*u**2 - 14*u + 6. Give x(6).
30
Let m(b) = 81*b + 897. What is m(-11)?
6
Let q(w) = 2*w**2 + 3*w + 3. Calculate q(-2).
5
Let i(z) = -z**3 + 10*z**2 + 3*z - 14. Determine i(10).
16
Let a(p) = -p**3 - 5*p**2 - 4*p + 3. Calculate a(-4).
3
Let s(g) = 2*g**2 + 11*g + 33. Calculate s(-9).
96
Let d(a) = -5*a + 8. Give d(8).
-32
Let s(y) = -y**3 + 3*y**2 + 304*y - 2. Calculate s(19).
-2
Let q(o) = -5*o**2 - 5*o + 44. Calculate q(5).
-106
Let o(j) = -j**2 - 8*j + 17. Calculate o(-10).
-3
Let c(v) = 4*v**2 - 16*v + 11. Calculate c(6).
59
Let v(t) = 14*t + 18. Determine v(-5).
-52
Let g(p) = -209*p + 618. What is g(3)?
-9
Let r(z) = z**2 - 18*z + 65. Give r(11).
-12
Let l(s) = -s**2 - 22*s + 63. What is l(3)?
-12
Let w(n) = n**3 + 9*n**2 - 6*n - 3. Calculate w(-5).
127
Let d(v) = -2*v**3 + 6*v**2 - 15*v + 23. What is d(2)?
1
Let z(d) = d**2 + d - 2. Determine z(-5).
18
Let n(y) = 11*y - 46. Give n(8).
42
Let t(b) = b**3 - 23*b**2 + 23*b - 38. Give t(22).
-16
Let r(v) = -v**3 - 10*v**2 - 3*v - 36. Give r(-10).
-6
Let t(r) = -r**2 + 14*r - 38. Determine t(6).
10
Let j(t) = t**2 + 3*t - 6. What is j(-9)?
48
Let m(b) = b**3 + 13*b**2 - 34*b - 50. Calculate m(-15).
10
Let t(s) = -s**3 + 8*s**2 - 10*s + 71. Give t(8).
-9
Let r(z) = -29*z - 20. Give r(-1).
9
Let r(q) = -29*q - 7. Determine r(-3).
80
Let l(k) = -k**3 + 8*k**2 - 2*k + 5. What is l(8)?
-11
Let p(x) = 8*x. Give p(-3).
-24
Let v(y) = 4*y**2 + 12*y + 1. Calculate v(-4).
17
Let l(z) = -z**2 - 9*z + 9. What is l(-8)?
17
Let x(f) = 7*f - 26. Calculate x(3).
-5
Let i(o) = -19*o + 58. Determine i(3).
1
Let w(q) = q**3 - 7*q**2 + 7*q. Calculate w(5).
-15
Let m(v) = -5*v**2 - v. What is m(-1)?
-4
Let g(a) = 5*a + 27. Calculate g(-11).
-28
Let m(y) = y + 13. Give m(-5).
8
Let y(h) = -h**3 - 14*h**2 + 39*h + 74. Give y(-16).
-38
Let k(q) = -3*q - 49. What is k(-17)?
2
Let v(u) = 16*u + 5. Give v(-1).
-11
Let b(g) = -g**2 - 13*g. Determine b(-13).
0
Let a(z) = 11*z**2 + 2*z + 1. Calculate a(-1).
10
Let t(p) = -p + 7. Determine t(-4).
11
Let r(v) = -17*v**3 + 2*v**2 - 2*v + 2. Give r(2).
-130
Let s(q) = q**3 - 7*q**2 + 16*q + 2. Give s(5).
32
Let k(g) = 10*g**2 - 39*g - 3. Determine k(4).
1
Let h(t) = -t**3 + 5*t**2 + 67*t - 17. Give h(11).
-6
Let t(j) = 2*j**2 - 17*j + 35. Determine t(3).
2
Let r(q) = -3*q**2 - 15*q. Determine r(2).
-42
Let f(a) = -a**3 + 5*a**2 - a + 5. Give f(5).
0
Let c(o) = o**2 - 4*o + 1. Calculate c(3).
-2
Let i(g) = 61*g + 4. Determine i(-1).
-57
Let o(r) = 9*r + 31. Give o(-3).
4
Let m(n) = 2*n**3 + 2*n + 1. What is m(-1)?
-3
Let z(n) = n - 3. Determine z(7).
4
Let g(s) = -11*s - 260. Determine g(-23).
-7
Let g(x) = x**3 + 16*x**2 + 61*x + 10. What is g(-6)?
4
Let s(k) = 14*k - 70. What is s(8)?
42
Let b(i) = -i**3 - i**2 + 4*i + 3. Give b(-2).
-1
Let j(l) = 19*l**3 - 2*l + 1. Determine j(1).
18
Let x(n) = -n**3 - 22*n**2 - 108*n - 52. Determine x(-15).
-7
Let l(f) = -f**3 + 16*f**2 + 15*f + 33. Give l(17).
-1
Let r(n) = -n**2 + 6*n + 9. Calculate r(4).
17
Let m(z) = z**3 - 14*z**2 - 15*z + 4. Give m(15).
4
Let c(d) = -11*d + 3. Give c(1).
-8
Let k(i) = -i**3 - 9*i**2 + 2*i + 19. Give k(-9).
1
Let i(d) = -11*d**2 - 2. Give i(-2).
-46
Let p(m) = -14*m - 2. Calculate p(11).
-156
Let b(u) = -10*u + 2. What is b(3)?
-28
Let x(n) = -n**3 + 4*n**2 + 4*n + 7. Determine x(5).
2
Let t(w) = w**2 - 23*w - 378. What is t(-11)?
-4
Let y(i) = i**3 - 13*i**2 - 27*i - 39. Give y(15).
6
Let g(n) = -n**3 + 9*n**2 - 4*n - 3. Give g(8).
29
Let q(w) = -49*w + 4. What is q(-1)?
53
Let t(m) = 7*m + 2. Give t(-4).
-26
Let k(c) = 2*c + 5. Determine k(13).
31
Let b(a) = -a**3 + 2*a**2 + 12*a - 12. What is b(4)?
4
Let d(h) = 7*h - 64. Calculate d(8).
-8
Let w(y) = y**3 - 4*y**2 - y + 2. Determine w(4).
-2
Let y(c) = 2*c. Calculate y(2).
4
Let a(d) = -29*d + 126. Give a(5).
-19
Let i(f) = f**3 + f**2 - 2*f - 2. Give i(-1).
0
Let g(b) = -b**3 + 4*b**2 - b - 7. Determine g(4).
-11
Let t(z) = 22*z + 1. Calculate t(-2).
-43
Let i(b) = 8*b**2 + 1. Calculate i(-1).
9
Let i(x) = -8*x + 32. Determine i(4).
0
Let k(s) = s**3 - s**2 + 3*s - 9. What is k(-3)?
-54
Let f(j) = -j**3 + 2*j + 12. Determine f(0).
12
Let j(c) = c**2 - 18*c + 10. What is j(12)?
-62
Let q(c) = 3*c**3 - c**2 - c + 2. What is q(-2)?
-24
Let w(j) = j**3 - 6*j**2 - 2*j - 1. Give w(7).
34
Let z(b) = -20*b + 77. Determine z(4).
-3
Let c(v) = v**3 - 10*v**2 + 8*v + 12. Determine c(9).
3
Let z(n) = -n**3 + 19*n**2 - 17*n + 29. Determine z(18).
47
Let t(o) = 27*o + 133. Determine t(-5).
-2
Let b(u) = -u**2 + 21*u + 36. What is b(25)?
-64
Let o(j) = -j**2 - 8*j - 7. What is o(-7)?
0
Let o(j) = j**3 + 4*j**2 + 2*j + 4. Calculate o(-3).
7
Let t(q) = q**2 - 5*q - 1. Determine t(4).
-5
Let i(h) = -6*h + 14. Determine i(8).
-34
Let z(c) = -c**3 - 10*c**2 + 5. Determine z(-10).
5
Let w(t) = -t**3 - 24*t**2 - 106*t - 9. Calc